?
8
What is the hundreds digit of 139335?
3
What is the units digit of 466671?
1
What is the hundred thousands digit of 581697?
5
What is the hundred thousands digit of 347195?
3
What is the units digit of 3324074?
4
What is the tens digit of 1316035?
3
What is the units digit of 3118?
8
What is the units digit of 539999?
9
What is the tens digit of 631737?
3
What is the ten thousands digit of 536004?
3
What is the ten thousands digit of 585878?
8
What is the ten thousands digit of 74462?
7
What is the units digit of 264683?
3
What is the tens digit of 33239932?
3
What is the millions digit of 3884806?
3
What is the ten thousands digit of 1211769?
1
What is the hundreds digit of 290571?
5
What is the thousands digit of 1376803?
6
What is the thousands digit of 353012?
3
What is the hundred thousands digit of 236879?
2
What is the hundred thousands digit of 4735136?
7
What is the units digit of 34834313?
3
What is the hundred thousands digit of 9361006?
3
What is the ten thousands digit of 302106?
0
What is the ten thousands digit of 976145?
7
What is the hundred thousands digit of 4142272?
1
What is the ten thousands digit of 199348?
9
What is the thousands digit of 154570?
4
What is the thousands digit of 104381?
4
What is the hundreds digit of 957580?
5
What is the tens digit of 35134?
3
What is the hundred thousands digit of 4163837?
1
What is the tens digit of 3866907?
0
What is the thousands digit of 7744765?
4
What is the hundreds digit of 660415?
4
What is the thousands digit of 9094284?
4
What is the tens digit of 467975?
7
What is the thousands digit of 232132?
2
What is the hundred thousands digit of 1826658?
8
What is the millions digit of 34520470?
4
What is the hundreds digit of 296879?
8
What is the units digit of 12778?
8
What is the ten thousands digit of 12480961?
8
What is the hundreds digit of 702678?
6
What is the ten thousands digit of 1978452?
7
What is the thousands digit of 79365?
9
What is the ten thousands digit of 183190?
8
What is the millions digit of 1055773?
1
What is the ten thousands digit of 472381?
7
What is the ten thousands digit of 16742814?
4
What is the hundred thousands digit of 433494?
4
What is the thousands digit of 116442?
6
What is the tens digit of 183137?
3
What is the hundred thousands digit of 378566?
3
What is the hundred thousands digit of 5754849?
7
What is the hundred thousands digit of 9127300?
1
What is the units digit of 3226662?
2
What is the millions digit of 3586542?
3
What is the thousands digit of 5529158?
9
What is the tens digit of 37297227?
2
What is the thousands digit of 203782?
3
What is the thousands digit of 28411490?
1
What is the units digit of 562926?
6
What is the ten thousands digit of 23326624?
2
What is the tens digit of 562018?
1
What is the thousands digit of 7488294?
8
What is the tens digit of 5552180?
8
What is the tens digit of 1033801?
0
What is the tens digit of 1899207?
0
What is the tens digit of 3527590?
9
What is the hundreds digit of 350970?
9
What is the hundreds digit of 484053?
0
What is the hundreds digit of 3122708?
7
What is the tens digit of 476650?
5
What is the units digit of 164944?
4
What is the thousands digit of 14066?
4
What is the ten thousands digit of 769382?
6
What is the units digit of 8670783?
3
What is the hundreds digit of 775552?
5
What is the hundreds digit of 756023?
0
What is the ten thousands digit of 1507321?
0
What is the thousands digit of 729683?
9
What is the units digit of 493822?
2
What is the ten thousands digit of 3459500?
5
What is the hundreds digit of 166210?
2
What is the ten thousands digit of 3970713?
7
What is the hundreds digit of 3194333?
3
What is the tens digit of 804811?
1
What is the hundred thousands digit of 1610751?
6
What is the ten thousands digit of 1573406?
7
What is the units digit of 5768327?
7
What is the thousands digit of 108329?
8
What is the millions digit of 3591751?
3
What is the thousands digit of 2591327?
1
What is the ten thousands digit of 455218?
5
What is the units digit of 3615756?
6
What is the hundreds digit of 170568?
5
What is the thousands digit of 157686?
7
What is the tens digit of 20867216?
1
What is the hundred thousands digit of 4545056?
5
What is the hundreds digit of 1077306?
3
What is the units digit of 173179?
9
What is the hundreds digit of 204009?
0
What is the units digit of 2573235?
5
What is the hundreds digit of 431443?
4
What is the tens digit of 602648?
4
What is the hundreds digit of 214252?
2
What is the hundreds digit of 7430352?
3
What is the hundred thousands digit of 1398171?
3
What is the ten thousands digit of 8289863?
8
What is the units digit of 783961?
1
What is the tens digit of 121532?
3
What is the hundreds digit of 337009?
0
What is the hundreds digit of 86659?
6
What is the thousands digit of 12690042?
0
What is the hundred thousands digit of 771329?
7
What is the ten thousands digit of 1116742?
1
What is the hundred thousands digit of 3371658?
3
What is the ten thousands digit of 3658190?
5
What is the ten thousands digit of 59086?
5
What is the hundred thousands digit of 41494747?
4
What is the hundred thousands digit of 21944725?
9
What is the hundred thousands digit of 1695068?
6
What is the millions digit of 7218915?
7
What is the tens digit of 16756?
5
What is the tens digit of 3013197?
9
What is the hundreds digit of 47452?
4
What is the hundred thousands digit of 1056848?
0
What is the ten thousands digit of 28718919?
1
What is the units digit of 5521164?
4
What is the millions digit of 1171351?
1
What is the hundred thousands digit of 457401?
4
What is the hundreds digit of 1817602?
6
What is the thousands digit of 3791745?
1
What is the millions digit of 27203788?
7
What is the hundred thousands digit of 4205566?
2
What is the tens digit of 309368?
6
What is the thousands digit of 85230?
5
What is the thousands digit of 197969?
7
What is the millions digit of 13320276?
3
What is the thousands digit of 439515?
9
What is the tens digit of 268410?
1
What is the hundreds digit of 201955?
9
What is the thousands digit of 1475684?
5
What is the hundreds digit of 337186?
1
What is the units digit of 447178?
8
What is the ten thousands digit of 27456?
2
What is the units digit of 157536?
6
What is the units digit of 6532179?
9
What is the ten millions digit of 17057175?
1
What is the hundreds digit of 114718?
7
What is the units digit of 2982647?
7
What is the units digit of 453133?
3
What is the ten thousands digit of 109098?
0
What is the ten thousands digit of 1056280?
5
What is the thousands digit of 246783?
6
What is the hundreds digit of 408593?
5
What is the units digit of 2203253?
3
What is the ten thousands digit of 1529025?
2
What is the thousands digit of 12456716?
6
What is the hundreds digit of 2566164?
1
What is the hundred thousands digit of 933784?
9
What is the ten millions digit of 17830030?
1
What is the hundred thousands digit of 2809140?
8
What is the thousands digit of 3458400?
8
What is the units digit of 163567?
7
What is the units digit of 3037674?
4
What is the hundreds digit of 2319978?
9
What is the tens digit of 572508?
0
What is the hundred thousands digit of 6898086?
8
What is the tens digit of 301743?
4
What is the millions digit of 41807969?
1
What is the hundreds digit of 167906?
9
What is the tens digit of 735773?
7
What is the tens digit of 31744?
4
What is the ten thousands digit of 461163?
6
What is the hundred thousands digit of 346459?
3
What is the millions digit of 1659841?
1
What is the hundreds digit of 279580?
5
What is the thousands digit of 710819?
0
What is the thousands digit of 99502?
9
What is the hundreds digit of 1328660?
6
What is the thousands digit of 219407?
9
What is the tens digit of 297496?
9
What is the tens digit of 320624?
2
What is the hundred thousands digit of 219385?
2
What is the thousands digit of 29284812?
4
What is the millions digit of 26303178?
6
What is the hundreds digit of 1046711?
7
What is the ten thousands digit of 2934669?
3
What is the hundred thousands digit of 423382?
4
What is the hundred thousands digit of 463694?
4
What is the ten thousands digit of 11980274?
8
What is the units digit of 4046913?
3
What is the thousands digit of 41010?
1
What is the millio